
What are the prime factors of 65753?
47, 1399
What are the prime factors of 2000943?
3, 7, 3529
List the prime factors of 55760.
2, 5, 17, 41
List the prime factors of 6253534.
2, 7, 421, 1061
What are the prime factors of 15584432?
2, 23, 42349
List the prime factors of 123471.
3, 17, 269
List the prime factors of 9680.
2, 5, 11
What are the prime factors of 188791?
188791
What are the prime factors of 13807388?
2, 7, 493121
What are the prime factors of 3428?
2, 857
List the prime factors of 1020185.
5, 211, 967
List the prime factors of 7691189.
11, 659, 1061
What are the prime factors of 174880?
2, 5, 1093
List the prime factors of 225355.
5, 13, 3467
What are the prime factors of 4102847?
7, 586121
What are the prime factors of 713731?
197, 3623
List the prime factors of 1901193.
3, 7, 90533
What are the prime factors of 5903602?
2, 2951801
List the prime factors of 130949.
7, 13, 1439
List the prime factors of 257908.
2, 7, 61, 151
List the prime factors of 7802824.
2, 31, 73, 431
List the prime factors of 192397.
421, 457
What are the prime factors of 130096?
2, 47, 173
List the prime factors of 85717.
85717
What are the prime factors of 9776504?
2, 1222063
List the prime factors of 559788.
2, 3, 46649
What are the prime factors of 21714333?
3, 127, 56993
List the prime factors of 6933612.
2, 3, 7, 197, 419
List the prime factors of 11523476.
2, 2880869
What are the prime factors of 4040665?
5, 461, 1753
List the prime factors of 216839.
7, 30977
What are the prime factors of 328050?
2, 3, 5
What are the prime factors of 727465?
5, 29, 173
List the prime factors of 531653.
37, 14369
What are the prime factors of 104743?
104743
List the prime factors of 4778714.
2, 41, 101, 577
List the prime factors of 420633.
3, 577
What are the prime factors of 5545825?
5, 17, 13049
List the prime factors of 2953149.
3, 984383
What are the prime factors of 984974?
2, 492487
List the prime factors of 241517.
241517
What are the prime factors of 30206754?
2, 3, 1678153
What are the prime factors of 3680358?
2, 3, 11, 55763
List the prime factors of 155170.
2, 5, 59, 263
List the prime factors of 1272971.
7, 83, 313
What are the prime factors of 18422938?
2, 71, 137, 947
What are the prime factors of 16971712?
2, 17, 19, 821
List the prime factors of 512474.
2, 43, 59, 101
What are the prime factors of 1784277?
3, 11, 67, 269
List the prime factors of 1388796.
2, 3, 115733
List the prime factors of 1032769.
23, 83, 541
What are the prime factors of 460656?
2, 3, 7, 457
List the prime factors of 3955018.
2, 1977509
What are the prime factors of 20370088?
2, 23, 149, 743
List the prime factors of 483125.
5, 773
List the prime factors of 927555.
3, 5, 61837
What are the prime factors of 88249?
7, 1801
What are the prime factors of 426890?
2, 5, 42689
List the prime factors of 5123289.
3, 67, 71, 359
What are the prime factors of 2166587?
53, 40879
List the prime factors of 563904.
2, 3, 11, 89
What are the prime factors of 619055?
5, 17, 7283
What are the prime factors of 813021?
3, 11, 71, 347
List the prime factors of 1001400.
2, 3, 5, 1669
List the prime factors of 833021.
7, 59, 2017
List the prime factors of 22166730.
2, 3, 5, 19, 29, 149
List the prime factors of 27655553.
347, 79699
List the prime factors of 550194.
2, 3, 107, 857
What are the prime factors of 235380?
2, 3, 5, 3923
List the prime factors of 541912.
2, 7, 9677
List the prime factors of 20569.
67, 307
List the prime factors of 2513033.
2513033
List the prime factors of 4340331.
3, 160753
What are the prime factors of 1685671?
13, 127, 1021
List the prime factors of 218834.
2, 7, 11, 29
List the prime factors of 347866.
2, 173933
What are the prime factors of 7489964?
2, 1872491
List the prime factors of 22656573.
3, 229, 10993
What are the prime factors of 34807322?
2, 11, 1582151
List the prime factors of 27436326.
2, 3, 4572721
List the prime factors of 11946509.
109, 127, 863
List the prime factors of 154996.
2, 38749
List the prime factors of 354156.
2, 3, 11, 2683
What are the prime factors of 1057167?
3, 101, 1163
What are the prime factors of 11431779?
3, 37, 181, 569
List the prime factors of 1051652.
2, 7, 23, 71
List the prime factors of 147214.
2, 73607
List the prime factors of 24497804.
2, 6124451
What are the prime factors of 38842?
2, 19421
List the prime factors of 541294.
2, 13, 109, 191
What are the prime factors of 14494854?
2, 3, 11, 219619
List the prime factors of 33028321.
593, 55697
What are the prime factors of 14158898?
2, 13, 227, 2399
List the prime factors of 200981.
11, 151
What are the prime factors of 1636106?
2, 191, 4283
List the prime factors of 32635975.
5, 167, 7817
List the prime factors of 1782575.
5, 113, 631
List the prime factors of 322668.
2, 3, 8963
What are the prime factors of 9943465?
5, 7, 127, 2237
What are the prime factors of 2240326?
2, 11, 101833
What are the prime factors of 1307719?
7, 127, 1471
What are the prime factors of 21844664?
2, 23, 227, 523
What are the prime factors of 2598645?
3, 5, 7, 24749
What are the prime factors of 2094888?
2, 3, 191, 457
List the prime factors of 3575896.
2, 443, 1009
List the prime factors of 4339086.
2, 3, 723181
List the prime factors of 8744632.
2, 13, 47, 1789
List the prime factors of 620481.
3, 206827
List the prime factors of 419865.
3, 5, 23, 1217
What are the prime factors of 8709422?
2, 4354711
What are the prime factors of 2144122?
2, 353, 3037
What are the prime factors of 6590367?
3, 7, 73, 1433
What are the prime factors of 4721593?
59, 79, 1013
List the prime factors of 878374.
2, 7, 8963
What are the prime factors of 187366?
2, 93683
List the prime factors of 932883.
3, 7, 31, 1433
What are the prime factors of 28450947?
3, 7, 67, 73, 277
List the prime factors of 89227.
89227
List the prime factors of 6458815.
5, 11, 43, 2731
What are the prime factors of 3901825?
5, 97, 1609
List the prime factors of 8019505.
5, 13, 123377
List the prime factors of 2804227.
2804227
What are the prime factors of 236313?
3, 7, 11, 31
List the prime factors of 9612559.
11, 107, 8167
What are the prime factors of 230592?
2, 3, 1201
What are the prime factors of 67043?
67043
List the prime factors of 2340542.
2, 1170271
List the prime factors of 816124.
2, 373, 547
What are the prime factors of 1339193?
173, 7741
List the prime factors of 2618890.
2, 5, 379, 691
List the prime factors of 23759995.
5, 7, 83, 8179
What are the prime factors of 30194?
2, 31, 487
List the prime factors of 20245468.
2, 5061367
List the prime factors of 213845.
5, 19, 2251
List the prime factors of 101079.
3, 11, 1021
What are the prime factors of 15989017?
11, 1453547
What are the prime factors of 33446185?
5, 6689237
List the prime factors of 1719101.
19, 173, 523
List the prime factors of 1560817.
1560817
List the prime factors of 221152.
2, 6911
What are the prime factors of 2361474?
2, 3, 43, 113
What are the prime factors of 752713?
13, 57901
List the prime factors of 12836228.
2, 3209057
List the prime factors of 10332101.
13, 131, 6067
What are the prime factors of 35498?
2, 17749
What are the prime factors of 19104?
2, 3, 199
What are the prime factors of 2838010?
2, 5, 7, 40543
List the prime factors of 2695932.
2, 3, 74887
What are the prime factors of 25890900?
2, 3, 5, 7, 12329
What are the prime factors of 490976?
2, 67, 229
What are the prime factors of 469883?
61, 7703
List the prime factors of 345829.
11, 149, 211
What are the prime factors of 335850?
2, 3, 5, 2239
List the prime factors of 6693699.
3, 17, 131249
List the prime factors of 3276080.
2, 5, 31, 1321
What are the prime factors of 13750804?
2, 3437701
What are the prime factors of 910329?
3, 7, 67, 647
What are the prime factors of 5585655?
3, 5, 372377
What are the prime factors of 146391?
3, 7, 6971
What are the prime factors of 3863830?
2, 5, 386383
List the prime factors of 211168.
2, 6599
What are the prime factors of 5397352?
2, 674669
What are the prime factors of 3867784?
2, 137, 3529
What are the prime factors of 26552376?
2, 3, 368783
List the prime factors of 3880092.
2, 3, 323341
List the prime factors of 1281263.
1281263
List the prime factors of 2056921.
19, 73, 1483
List the prime factors of 28863066.
2, 3, 4810511
What are